{"id":1862,"date":"2023-05-25T17:08:06","date_gmt":"2023-05-25T15:08:06","guid":{"rendered":"http:\/\/instant-nautique-sete.com\/?page_id=1862"},"modified":"2025-06-16T17:58:43","modified_gmt":"2025-06-16T15:58:43","slug":"locations-bateaux","status":"publish","type":"page","link":"https:\/\/instant-nautique.com\/mole-saint-louis\/locations-bateaux\/","title":{"rendered":"Louer un bateau au M\u00f4le Saint-Louis chez l&rsquo;Instant Nautique S\u00e8te !"},"content":{"rendered":"","protected":false},"excerpt":{"rendered":"","protected":false},"author":1,"featured_media":0,"parent":0,"menu_order":0,"comment_status":"closed","ping_status":"closed","template":"page-templates\/page-locations.php","meta":{"_acf_changed":false,"footnotes":""},"class_list":["post-1862","page","type-page","status-publish","hentry"],"acf":[],"yoast_head":"<!-- This site is optimized with the Yoast SEO plugin v27.4 - https:\/\/yoast.com\/product\/yoast-seo-wordpress\/ -->\n<title>Louer un bateau \u00e0 S\u00e8te | Instant Nautique S\u00e8te - M\u00f4le Saint-Louis<\/title>\n<meta name=\"robots\" content=\"index, follow, max-snippet:-1, max-image-preview:large, max-video-preview:-1\" \/>\n<link rel=\"canonical\" href=\"https:\/\/instant-nautique.com\/mole-saint-louis\/locations-bateaux\/\" \/>\n<meta property=\"og:locale\" content=\"fr_FR\" \/>\n<meta property=\"og:type\" content=\"article\" \/>\n<meta property=\"og:title\" content=\"Louer un bateau \u00e0 S\u00e8te | Instant Nautique S\u00e8te - M\u00f4le Saint-Louis\" \/>\n<meta property=\"og:url\" content=\"https:\/\/instant-nautique.com\/mole-saint-louis\/locations-bateaux\/\" \/>\n<meta property=\"og:site_name\" content=\"Instant Nautique S\u00e8te - M\u00f4le Saint-Louis\" \/>\n<meta property=\"article:modified_time\" content=\"2025-06-16T15:58:43+00:00\" \/>\n<meta property=\"og:image\" content=\"https:\/\/instant-nautique.com\/mole-saint-louis\/wp-content\/uploads\/sites\/2\/2023\/06\/RS-instantnautiques-sete.jpg\" \/>\n\t<meta property=\"og:image:width\" content=\"1200\" \/>\n\t<meta property=\"og:image:height\" content=\"675\" \/>\n\t<meta property=\"og:image:type\" content=\"image\/jpeg\" \/>\n<meta name=\"twitter:card\" content=\"summary_large_image\" \/>\n<script type=\"application\/ld+json\" class=\"yoast-schema-graph\">{\"@context\":\"https:\\\/\\\/schema.org\",\"@graph\":[{\"@type\":\"WebPage\",\"@id\":\"https:\\\/\\\/instant-nautique.com\\\/mole-saint-louis\\\/locations-bateaux\\\/\",\"url\":\"https:\\\/\\\/instant-nautique.com\\\/mole-saint-louis\\\/locations-bateaux\\\/\",\"name\":\"Louer un bateau \u00e0 S\u00e8te | Instant Nautique S\u00e8te - M\u00f4le Saint-Louis\",\"isPartOf\":{\"@id\":\"https:\\\/\\\/instant-nautique.com\\\/mole-saint-louis\\\/#website\"},\"datePublished\":\"2023-05-25T15:08:06+00:00\",\"dateModified\":\"2025-06-16T15:58:43+00:00\",\"inLanguage\":\"fr-FR\",\"potentialAction\":[{\"@type\":\"ReadAction\",\"target\":[\"https:\\\/\\\/instant-nautique.com\\\/mole-saint-louis\\\/locations-bateaux\\\/\"]}]},{\"@type\":\"WebSite\",\"@id\":\"https:\\\/\\\/instant-nautique.com\\\/mole-saint-louis\\\/#website\",\"url\":\"https:\\\/\\\/instant-nautique.com\\\/mole-saint-louis\\\/\",\"name\":\"Instant Nautique S\u00e8te - M\u00f4le Saint-Louis\",\"description\":\"Location de bateaux \u00e0 S\u00e8te\",\"publisher\":{\"@id\":\"https:\\\/\\\/instant-nautique.com\\\/mole-saint-louis\\\/#organization\"},\"potentialAction\":[{\"@type\":\"SearchAction\",\"target\":{\"@type\":\"EntryPoint\",\"urlTemplate\":\"https:\\\/\\\/instant-nautique.com\\\/mole-saint-louis\\\/?s={search_term_string}\"},\"query-input\":{\"@type\":\"PropertyValueSpecification\",\"valueRequired\":true,\"valueName\":\"search_term_string\"}}],\"inLanguage\":\"fr-FR\"},{\"@type\":\"Organization\",\"@id\":\"https:\\\/\\\/instant-nautique.com\\\/mole-saint-louis\\\/#organization\",\"name\":\"L'instant nautique Sete\",\"url\":\"https:\\\/\\\/instant-nautique.com\\\/mole-saint-louis\\\/\",\"logo\":{\"@type\":\"ImageObject\",\"inLanguage\":\"fr-FR\",\"@id\":\"https:\\\/\\\/instant-nautique.com\\\/mole-saint-louis\\\/#\\\/schema\\\/logo\\\/image\\\/\",\"url\":\"https:\\\/\\\/instant-nautique.com\\\/mole-saint-louis\\\/wp-content\\\/uploads\\\/sites\\\/2\\\/2025\\\/06\\\/LOGO-InstantNautique-2025-MoleSL.png\",\"contentUrl\":\"https:\\\/\\\/instant-nautique.com\\\/mole-saint-louis\\\/wp-content\\\/uploads\\\/sites\\\/2\\\/2025\\\/06\\\/LOGO-InstantNautique-2025-MoleSL.png\",\"width\":709,\"height\":709,\"caption\":\"L'instant nautique Sete\"},\"image\":{\"@id\":\"https:\\\/\\\/instant-nautique.com\\\/mole-saint-louis\\\/#\\\/schema\\\/logo\\\/image\\\/\"}}]}<\/script>\n<!-- \/ Yoast SEO plugin. -->","yoast_head_json":{"title":"Louer un bateau \u00e0 S\u00e8te | Instant Nautique S\u00e8te - M\u00f4le Saint-Louis","robots":{"index":"index","follow":"follow","max-snippet":"max-snippet:-1","max-image-preview":"max-image-preview:large","max-video-preview":"max-video-preview:-1"},"canonical":"https:\/\/instant-nautique.com\/mole-saint-louis\/locations-bateaux\/","og_locale":"fr_FR","og_type":"article","og_title":"Louer un bateau \u00e0 S\u00e8te | Instant Nautique S\u00e8te - M\u00f4le Saint-Louis","og_url":"https:\/\/instant-nautique.com\/mole-saint-louis\/locations-bateaux\/","og_site_name":"Instant Nautique S\u00e8te - M\u00f4le Saint-Louis","article_modified_time":"2025-06-16T15:58:43+00:00","og_image":[{"width":1200,"height":675,"url":"https:\/\/instant-nautique.com\/mole-saint-louis\/wp-content\/uploads\/sites\/2\/2023\/06\/RS-instantnautiques-sete.jpg","type":"image\/jpeg"}],"twitter_card":"summary_large_image","schema":{"@context":"https:\/\/schema.org","@graph":[{"@type":"WebPage","@id":"https:\/\/instant-nautique.com\/mole-saint-louis\/locations-bateaux\/","url":"https:\/\/instant-nautique.com\/mole-saint-louis\/locations-bateaux\/","name":"Louer un bateau \u00e0 S\u00e8te | Instant Nautique S\u00e8te - M\u00f4le Saint-Louis","isPartOf":{"@id":"https:\/\/instant-nautique.com\/mole-saint-louis\/#website"},"datePublished":"2023-05-25T15:08:06+00:00","dateModified":"2025-06-16T15:58:43+00:00","inLanguage":"fr-FR","potentialAction":[{"@type":"ReadAction","target":["https:\/\/instant-nautique.com\/mole-saint-louis\/locations-bateaux\/"]}]},{"@type":"WebSite","@id":"https:\/\/instant-nautique.com\/mole-saint-louis\/#website","url":"https:\/\/instant-nautique.com\/mole-saint-louis\/","name":"Instant Nautique S\u00e8te - M\u00f4le Saint-Louis","description":"Location de bateaux \u00e0 S\u00e8te","publisher":{"@id":"https:\/\/instant-nautique.com\/mole-saint-louis\/#organization"},"potentialAction":[{"@type":"SearchAction","target":{"@type":"EntryPoint","urlTemplate":"https:\/\/instant-nautique.com\/mole-saint-louis\/?s={search_term_string}"},"query-input":{"@type":"PropertyValueSpecification","valueRequired":true,"valueName":"search_term_string"}}],"inLanguage":"fr-FR"},{"@type":"Organization","@id":"https:\/\/instant-nautique.com\/mole-saint-louis\/#organization","name":"L'instant nautique Sete","url":"https:\/\/instant-nautique.com\/mole-saint-louis\/","logo":{"@type":"ImageObject","inLanguage":"fr-FR","@id":"https:\/\/instant-nautique.com\/mole-saint-louis\/#\/schema\/logo\/image\/","url":"https:\/\/instant-nautique.com\/mole-saint-louis\/wp-content\/uploads\/sites\/2\/2025\/06\/LOGO-InstantNautique-2025-MoleSL.png","contentUrl":"https:\/\/instant-nautique.com\/mole-saint-louis\/wp-content\/uploads\/sites\/2\/2025\/06\/LOGO-InstantNautique-2025-MoleSL.png","width":709,"height":709,"caption":"L'instant nautique Sete"},"image":{"@id":"https:\/\/instant-nautique.com\/mole-saint-louis\/#\/schema\/logo\/image\/"}}]}},"_links":{"self":[{"href":"https:\/\/instant-nautique.com\/mole-saint-louis\/wp-json\/wp\/v2\/pages\/1862","targetHints":{"allow":["GET"]}}],"collection":[{"href":"https:\/\/instant-nautique.com\/mole-saint-louis\/wp-json\/wp\/v2\/pages"}],"about":[{"href":"https:\/\/instant-nautique.com\/mole-saint-louis\/wp-json\/wp\/v2\/types\/page"}],"author":[{"embeddable":true,"href":"https:\/\/instant-nautique.com\/mole-saint-louis\/wp-json\/wp\/v2\/users\/1"}],"replies":[{"embeddable":true,"href":"https:\/\/instant-nautique.com\/mole-saint-louis\/wp-json\/wp\/v2\/comments?post=1862"}],"version-history":[{"count":1,"href":"https:\/\/instant-nautique.com\/mole-saint-louis\/wp-json\/wp\/v2\/pages\/1862\/revisions"}],"predecessor-version":[{"id":2339,"href":"https:\/\/instant-nautique.com\/mole-saint-louis\/wp-json\/wp\/v2\/pages\/1862\/revisions\/2339"}],"wp:attachment":[{"href":"https:\/\/instant-nautique.com\/mole-saint-louis\/wp-json\/wp\/v2\/media?parent=1862"}],"curies":[{"name":"wp","href":"https:\/\/api.w.org\/{rel}","templated":true}]}}